Dec 02 08:57:02.631 INFO testing CBenoit/fried-world.eu against master#8940af3cea4a9a9deabcaf843b2f8cad9a83fc61 for beta-1.31-5
Dec 02 08:57:02.631 INFO running `"docker" "create" "-v" "/mnt/big/crater/work/local/target-dirs/beta-1.31-5/worker-1/master#8940af3cea4a9a9deabcaf843b2f8cad9a83fc61:/target:rw,Z" "-v" "/mnt/big/crater/work/local/test-source/worker-1/beta-1.31-5/master#8940af3cea4a9a9deabcaf843b2f8cad9a83fc61:/source:ro,Z" "-v" "/mnt/big/crater/work/local/cargo-home:/cargo-home:ro,Z" "-v" "/mnt/big/crater/work/local/rustup-home:/rustup-home:ro,Z" "-e" "USER_ID=1000" "-e" "SOURCE_DIR=/source" "-e" "USER_ID=1000" "-e" "CMD=cargo +8940af3cea4a9a9deabcaf843b2f8cad9a83fc61-alt build --frozen" "-e" "CARGO_TARGET_DIR=/target" "-e" "CARGO_INCREMENTAL=0" "-e" "RUST_BACKTRACE=full" "-e" "RUSTFLAGS=--cap-lints=warn" "-e" "CARGO_HOME=/cargo-home" "-e" "RUSTUP_HOME=/rustup-home" "-m" "1536M" "--network" "none" "crater"`
Dec 02 08:57:02.975 INFO [stdout] e95112a341c8c49af1b9089474ba6b99937cd877223b65082b2b94c1eaf0f17a
Dec 02 08:57:02.975 INFO running `"docker" "start" "-a" "e95112a341c8c49af1b9089474ba6b99937cd877223b65082b2b94c1eaf0f17a"`
Dec 02 08:57:03.682 INFO [stderr] usermod: no changes
Dec 02 08:57:03.958 INFO [stderr]    Compiling hoedown v6.0.0
Dec 02 08:57:03.963 INFO [stderr]    Compiling pear_codegen v0.0.20
Dec 02 08:57:03.963 INFO [stderr]    Compiling rocket v0.3.16
Dec 02 08:57:03.963 INFO [stderr]    Compiling rocket_codegen v0.3.16
Dec 02 08:57:03.966 INFO [stderr]    Compiling tera v0.10.10
Dec 02 08:57:03.966 INFO [stderr]    Compiling ring v0.11.0
Dec 02 08:57:04.227 INFO [stderr] error: failed to run custom build command for `rocket_codegen v0.3.16`
Dec 02 08:57:04.227 INFO [stderr] process didn't exit successfully: `/target/debug/build/rocket_codegen-4a5b65214453c03c/build-script-build` (exit code: 101)
Dec 02 08:57:04.227 INFO [stderr] --- stderr
Dec 02 08:57:04.227 INFO [stderr] [1;31mError:[0m [37mRocket requires a nightly or dev version of Rust.[0m
Dec 02 08:57:04.227 INFO [stderr] [37mInstalled version is:[0m [33m1.31.0-beta.20 (2018-11-30)[0m. [37mMinimum required:[0m [33m1.30.0-nightly (2018-08-23)[0m.
Dec 02 08:57:04.227 INFO [stderr] [34mSee the getting started guide ([0m[37mhttps://rocket.rs/guide/getting-started/[0m[34m) for more information.[0m
Dec 02 08:57:04.227 INFO [stderr] thread 'main' panicked at 'Aborting compilation due to incompatible compiler.', /cargo-home/registry/src/github.com-1ecc6299db9ec823/rocket_codegen-0.3.16/build.rs:38:17
Dec 02 08:57:04.227 INFO [stderr] stack backtrace:
Dec 02 08:57:04.227 INFO [stderr]    0:     0x55ac7eea432f - std::sys::unix::backtrace::tracing::imp::unwind_backtrace::h3a8b83e1922cbdde
Dec 02 08:57:04.227 INFO [stderr]                                at libstd/sys/unix/backtrace/tracing/gcc_s.rs:49
Dec 02 08:57:04.227 INFO [stderr]    1:     0x55ac7eeafd07 - std::sys_common::backtrace::print::h00d3155a29b4020f
Dec 02 08:57:04.227 INFO [stderr]                                at libstd/sys_common/backtrace.rs:71
Dec 02 08:57:04.227 INFO [stderr]                                at libstd/sys_common/backtrace.rs:59
Dec 02 08:57:04.227 INFO [stderr]    2:     0x55ac7eea8bcf - std::panicking::default_hook::{{closure}}::hd7465c742e79e1bb
Dec 02 08:57:04.227 INFO [stderr]                                at libstd/panicking.rs:211
Dec 02 08:57:04.227 INFO [stderr]    3:     0x55ac7eea8934 - std::panicking::default_hook::h9e3966f2aa2a6e12
Dec 02 08:57:04.227 INFO [stderr]                                at libstd/panicking.rs:227
Dec 02 08:57:04.227 INFO [stderr]    4:     0x55ac7eea91fe - std::panicking::rust_panic_with_hook::h587f091ae747d080
Dec 02 08:57:04.227 INFO [stderr]                                at libstd/panicking.rs:476
Dec 02 08:57:04.227 INFO [stderr]    5:     0x55ac7ee7bab3 - std::panicking::begin_panic::h637cf6c246413594
Dec 02 08:57:04.227 INFO [stderr]                                at libstd/panicking.rs:410
Dec 02 08:57:04.227 INFO [stderr]    6:     0x55ac7ee79b84 - build_script_build::main::h2c72fd58a9234470
Dec 02 08:57:04.227 INFO [stderr]                                at /cargo-home/registry/src/github.com-1ecc6299db9ec823/rocket_codegen-0.3.16/build.rs:38
Dec 02 08:57:04.227 INFO [stderr]    7:     0x55ac7ee7c39f - std::rt::lang_start::{{closure}}::hfe557982ab535bc0
Dec 02 08:57:04.227 INFO [stderr]                                at libstd/rt.rs:74
Dec 02 08:57:04.227 INFO [stderr]    8:     0x55ac7eea8c72 - std::panicking::try::do_call::h52e7f80ff0fdcc45
Dec 02 08:57:04.227 INFO [stderr]                                at libstd/rt.rs:59
Dec 02 08:57:04.227 INFO [stderr]                                at libstd/panicking.rs:310
Dec 02 08:57:04.227 INFO [stderr]    9:     0x55ac7eebacb9 - __rust_maybe_catch_panic
Dec 02 08:57:04.227 INFO [stderr]                                at libpanic_unwind/lib.rs:102
Dec 02 08:57:04.227 INFO [stderr]   10:     0x55ac7ee9898a - std::rt::lang_start_internal::h38cae898de7f805c
Dec 02 08:57:04.227 INFO [stderr]                                at libstd/panicking.rs:289
Dec 02 08:57:04.227 INFO [stderr]                                at libstd/panic.rs:392
Dec 02 08:57:04.227 INFO [stderr]                                at libstd/rt.rs:58
Dec 02 08:57:04.227 INFO [stderr]   11:     0x55ac7ee7c378 - std::rt::lang_start::h04f69d23836a7815
Dec 02 08:57:04.227 INFO [stderr]                                at libstd/rt.rs:74
Dec 02 08:57:04.227 INFO [stderr]   12:     0x55ac7ee7aa49 - main
Dec 02 08:57:04.227 INFO [stderr]   13:     0x7fbe9a2d182f - __libc_start_main
Dec 02 08:57:04.227 INFO [stderr]   14:     0x55ac7ee79228 - _start
Dec 02 08:57:04.227 INFO [stderr]   15:                0x0 - <unknown>
Dec 02 08:57:04.227 INFO [stderr] 
Dec 02 08:57:04.227 INFO [stderr] warning: build failed, waiting for other jobs to finish...
Dec 02 08:57:04.235 INFO [stderr] error: failed to run custom build command for `rocket v0.3.16`
Dec 02 08:57:04.235 INFO [stderr] process didn't exit successfully: `/target/debug/build/rocket-e8632d5f710e389a/build-script-build` (exit code: 101)
Dec 02 08:57:04.235 INFO [stderr] --- stderr
Dec 02 08:57:04.235 INFO [stderr] [1;31mError:[0m [37mRocket requires a nightly or dev version of Rust.[0m
Dec 02 08:57:04.235 INFO [stderr] [37mInstalled version is:[0m [33m1.31.0-beta.20 (2018-11-30)[0m. [37mMinimum required:[0m [33m1.27.0-nightly (2018-04-26)[0m.
Dec 02 08:57:04.235 INFO [stderr] [34mSee the getting started guide ([0m[37mhttps://rocket.rs/guide/getting-started/[0m[34m) for more information.[0m
Dec 02 08:57:04.235 INFO [stderr] thread 'main' panicked at 'Aborting compilation due to incompatible compiler.', /cargo-home/registry/src/github.com-1ecc6299db9ec823/rocket-0.3.16/build.rs:38:13
Dec 02 08:57:04.235 INFO [stderr] stack backtrace:
Dec 02 08:57:04.235 INFO [stderr]    0:     0x55d7b954633f - std::sys::unix::backtrace::tracing::imp::unwind_backtrace::h3a8b83e1922cbdde
Dec 02 08:57:04.235 INFO [stderr]                                at libstd/sys/unix/backtrace/tracing/gcc_s.rs:49
Dec 02 08:57:04.235 INFO [stderr]    1:     0x55d7b9551d17 - std::sys_common::backtrace::print::h00d3155a29b4020f
Dec 02 08:57:04.235 INFO [stderr]                                at libstd/sys_common/backtrace.rs:71
Dec 02 08:57:04.235 INFO [stderr]                                at libstd/sys_common/backtrace.rs:59
Dec 02 08:57:04.235 INFO [stderr]    2:     0x55d7b954abdf - std::panicking::default_hook::{{closure}}::hd7465c742e79e1bb
Dec 02 08:57:04.235 INFO [stderr]                                at libstd/panicking.rs:211
Dec 02 08:57:04.235 INFO [stderr]    3:     0x55d7b954a944 - std::panicking::default_hook::h9e3966f2aa2a6e12
Dec 02 08:57:04.235 INFO [stderr]                                at libstd/panicking.rs:227
Dec 02 08:57:04.235 INFO [stderr]    4:     0x55d7b954b20e - std::panicking::rust_panic_with_hook::h587f091ae747d080
Dec 02 08:57:04.235 INFO [stderr]                                at libstd/panicking.rs:476
Dec 02 08:57:04.235 INFO [stderr]    5:     0x55d7b951dac3 - std::panicking::begin_panic::h185025b8b4804e9b
Dec 02 08:57:04.235 INFO [stderr]                                at libstd/panicking.rs:410
Dec 02 08:57:04.235 INFO [stderr]    6:     0x55d7b951bb85 - build_script_build::main::h4284e4a3a8df7e1b
Dec 02 08:57:04.235 INFO [stderr]                                at /cargo-home/registry/src/github.com-1ecc6299db9ec823/rocket-0.3.16/build.rs:38
Dec 02 08:57:04.235 INFO [stderr]    7:     0x55d7b951e3af - std::rt::lang_start::{{closure}}::ha0df32a52ba7057e
Dec 02 08:57:04.235 INFO [stderr]                                at libstd/rt.rs:74
Dec 02 08:57:04.235 INFO [stderr]    8:     0x55d7b954ac82 - std::panicking::try::do_call::h52e7f80ff0fdcc45
Dec 02 08:57:04.235 INFO [stderr]                                at libstd/rt.rs:59
Dec 02 08:57:04.235 INFO [stderr]                                at libstd/panicking.rs:310
Dec 02 08:57:04.235 INFO [stderr]    9:     0x55d7b955ccc9 - __rust_maybe_catch_panic
Dec 02 08:57:04.235 INFO [stderr]                                at libpanic_unwind/lib.rs:102
Dec 02 08:57:04.235 INFO [stderr]   10:     0x55d7b953a99a - std::rt::lang_start_internal::h38cae898de7f805c
Dec 02 08:57:04.235 INFO [stderr]                                at libstd/panicking.rs:289
Dec 02 08:57:04.235 INFO [stderr]                                at libstd/panic.rs:392
Dec 02 08:57:04.235 INFO [stderr]                                at libstd/rt.rs:58
Dec 02 08:57:04.235 INFO [stderr]   11:     0x55d7b951e388 - std::rt::lang_start::h3f68170055a70037
Dec 02 08:57:04.235 INFO [stderr]                                at libstd/rt.rs:74
Dec 02 08:57:04.235 INFO [stderr]   12:     0x55d7b951ca59 - main
Dec 02 08:57:04.235 INFO [stderr]   13:     0x7faf8df5e82f - __libc_start_main
Dec 02 08:57:04.235 INFO [stderr]   14:     0x55d7b951b228 - _start
Dec 02 08:57:04.235 INFO [stderr]   15:                0x0 - <unknown>
Dec 02 08:57:04.235 INFO [stderr] 
Dec 02 08:57:04.235 INFO [stderr] warning: build failed, waiting for other jobs to finish...
Dec 02 08:57:04.323 INFO [stderr] error: failed to run custom build command for `pear_codegen v0.0.20`
Dec 02 08:57:04.323 INFO [stderr] process didn't exit successfully: `/target/debug/build/pear_codegen-9ebbb5de437ff65a/build-script-build` (exit code: 101)
Dec 02 08:57:04.323 INFO [stderr] --- stderr
Dec 02 08:57:04.323 INFO [stderr] [1;31mError:[0m [37mPear requires a nightly or dev version of Rust.[0m
Dec 02 08:57:04.323 INFO [stderr] [37mInstalled version is:[0m [33m1.31.0-beta.20 (2018-11-30)[0m. [37mMinimum required:[0m [33m1.30.0-nightly (2018-08-23)[0m.
Dec 02 08:57:04.323 INFO [stderr] thread 'main' panicked at 'Aborting compilation due to incompatible compiler.', /cargo-home/registry/src/github.com-1ecc6299db9ec823/pear_codegen-0.0.20/build.rs:31:13
Dec 02 08:57:04.323 INFO [stderr] stack backtrace:
Dec 02 08:57:04.323 INFO [stderr]    0:     0x561af16570ff - std::sys::unix::backtrace::tracing::imp::unwind_backtrace::h3a8b83e1922cbdde
Dec 02 08:57:04.323 INFO [stderr]                                at libstd/sys/unix/backtrace/tracing/gcc_s.rs:49
Dec 02 08:57:04.323 INFO [stderr]    1:     0x561af1662ad7 - std::sys_common::backtrace::print::h00d3155a29b4020f
Dec 02 08:57:04.323 INFO [stderr]                                at libstd/sys_common/backtrace.rs:71
Dec 02 08:57:04.323 INFO [stderr]                                at libstd/sys_common/backtrace.rs:59
Dec 02 08:57:04.323 INFO [stderr]    2:     0x561af165b99f - std::panicking::default_hook::{{closure}}::hd7465c742e79e1bb
Dec 02 08:57:04.323 INFO [stderr]                                at libstd/panicking.rs:211
Dec 02 08:57:04.323 INFO [stderr]    3:     0x561af165b704 - std::panicking::default_hook::h9e3966f2aa2a6e12
Dec 02 08:57:04.323 INFO [stderr]                                at libstd/panicking.rs:227
Dec 02 08:57:04.323 INFO [stderr]    4:     0x561af165bfce - std::panicking::rust_panic_with_hook::h587f091ae747d080
Dec 02 08:57:04.323 INFO [stderr]                                at libstd/panicking.rs:476
Dec 02 08:57:04.323 INFO [stderr]    5:     0x561af162e883 - std::panicking::begin_panic::h03cdb516ffc5f784
Dec 02 08:57:04.323 INFO [stderr]                                at libstd/panicking.rs:410
Dec 02 08:57:04.323 INFO [stderr]    6:     0x561af162c948 - build_script_build::main::h36944a4e267b7477
Dec 02 08:57:04.323 INFO [stderr]                                at /cargo-home/registry/src/github.com-1ecc6299db9ec823/pear_codegen-0.0.20/build.rs:31
Dec 02 08:57:04.323 INFO [stderr]    7:     0x561af162f16f - std::rt::lang_start::{{closure}}::h5e49a6fd7616e446
Dec 02 08:57:04.323 INFO [stderr]                                at libstd/rt.rs:74
Dec 02 08:57:04.323 INFO [stderr]    8:     0x561af165ba42 - std::panicking::try::do_call::h52e7f80ff0fdcc45
Dec 02 08:57:04.323 INFO [stderr]                                at libstd/rt.rs:59
Dec 02 08:57:04.323 INFO [stderr]                                at libstd/panicking.rs:310
Dec 02 08:57:04.323 INFO [stderr]    9:     0x561af166da89 - __rust_maybe_catch_panic
Dec 02 08:57:04.323 INFO [stderr]                                at libpanic_unwind/lib.rs:102
Dec 02 08:57:04.323 INFO [stderr]   10:     0x561af164b75a - std::rt::lang_start_internal::h38cae898de7f805c
Dec 02 08:57:04.323 INFO [stderr]                                at libstd/panicking.rs:289
Dec 02 08:57:04.323 INFO [stderr]                                at libstd/panic.rs:392
Dec 02 08:57:04.323 INFO [stderr]                                at libstd/rt.rs:58
Dec 02 08:57:04.323 INFO [stderr]   11:     0x561af162f148 - std::rt::lang_start::hf3588cfe9ea8870a
Dec 02 08:57:04.323 INFO [stderr]                                at libstd/rt.rs:74
Dec 02 08:57:04.323 INFO [stderr]   12:     0x561af162d819 - main
Dec 02 08:57:04.323 INFO [stderr]   13:     0x7f99beacc82f - __libc_start_main
Dec 02 08:57:04.323 INFO [stderr]   14:     0x561af162c228 - _start
Dec 02 08:57:04.323 INFO [stderr]   15:                0x0 - <unknown>
Dec 02 08:57:04.323 INFO [stderr] 
Dec 02 08:57:04.323 INFO [stderr] warning: build failed, waiting for other jobs to finish...
Dec 02 08:57:15.492 INFO [stderr] error: build failed
Dec 02 08:57:15.495 INFO [stderr] su: No module specific data is present
Dec 02 08:57:16.012 INFO running `"docker" "inspect" "e95112a341c8c49af1b9089474ba6b99937cd877223b65082b2b94c1eaf0f17a"`
Dec 02 08:57:16.145 INFO running `"docker" "rm" "-f" "e95112a341c8c49af1b9089474ba6b99937cd877223b65082b2b94c1eaf0f17a"`
Dec 02 08:57:16.254 INFO [stdout] e95112a341c8c49af1b9089474ba6b99937cd877223b65082b2b94c1eaf0f17a
